s the greatest common divisor of 30069 and 6?
3
What is the highest common factor of 53784 and 243?
81
Calculate the greatest common factor of 1183 and 33397.
91
Calculate the highest common divisor of 3493 and 168.
7
What is the highest common divisor of 6016 and 3666?
94
What is the greatest common divisor of 3174653 and 76?
19
Calculate the greatest common divisor of 44 and 327074.
22
Calculate the highest common divisor of 215988 and 24.
12
What is the highest common divisor of 172 and 4038044?
172
What is the highest common divisor of 32814 and 486?
18
Calculate the highest common factor of 124844 and 1180.
236
What is the greatest common factor of 150718 and 1790?
358
What is the highest common divisor of 248 and 1520953?
31
What is the highest common divisor of 18 and 292926?
6
What is the highest common divisor of 42435 and 24?
3
What is the greatest common factor of 21904 and 32?
16
Calculate the highest common factor of 737536 and 344.
344
What is the highest common factor of 1541 and 5025?
67
Calculate the highest common divisor of 2150 and 38528.
86
What is the highest common divisor of 5184 and 684?
36
What is the highest common factor of 252 and 1307628?
252
What is the highest common divisor of 513 and 47520?
27
What is the highest common factor of 480344 and 1552?
776
Calculate the greatest common divisor of 5852 and 392.
28
Calculate the highest common divisor of 169456 and 336.
112
What is the greatest common factor of 8505 and 42770?
35
What is the greatest common factor of 41461 and 945?
7
What is the highest common divisor of 1531385 and 2445?
815
What is the greatest common divisor of 257544 and 14?
14
Calculate the highest common factor of 3154572 and 27.
27
What is the highest common divisor of 7821 and 99?
99
What is the highest common divisor of 2466 and 723360?
822
What is the greatest common factor of 608 and 628224?
32
Calculate the highest common factor of 112046 and 24926.
242
Calculate the highest common divisor of 34029 and 684.
171
What is the highest common divisor of 2009434 and 476?
238
What is the highest common factor of 39984 and 510?
102
Calculate the highest common factor of 15538724 and 1814.
1814
Calculate the greatest common factor of 313612 and 1304.
652
What is the highest common factor of 68215 and 630?
35
Calculate the greatest common factor of 249 and 10928859.
249
Calculate the highest common divisor of 464 and 15632.
16
Calculate the highest common divisor of 682 and 98084.
62
What is the highest common divisor of 7169 and 155471?
107
What is the greatest common divisor of 51786 and 918?
54
What is the greatest common factor of 1610 and 30268?
322
What is the highest common factor of 26 and 459082?
26
Calculate the greatest common factor of 103376 and 400.
16
Calculate the highest common divisor of 529551 and 594.
297
What is the highest common divisor of 97 and 96?
1
Calculate the highest common divisor of 846 and 513804.
282
Calculate the greatest common divisor of 80 and 691280.
80
Calculate the highest common factor of 416 and 2208.
32
Calculate the highest common factor of 445 and 338378.
89
What is the highest common factor of 408 and 7922?
34
What is the highest common factor of 195 and 1663779?
39
Calculate the highest common factor of 487 and 160223.
487
What is the highest common factor of 171 and 393?
3
Calculate the highest common divisor of 1792217 and 7.
7
Calculate the highest common divisor of 6708887 and 199.
199
What is the greatest common divisor of 1559831 and 3172?
793
What is the greatest common factor of 14234 and 88?
22
Calculate the greatest common factor of 2289 and 651.
21
What is the greatest common divisor of 76897 and 131?
131
Calculate the highest common factor of 5948406 and 18.
18
What is the highest common divisor of 112398 and 2096?
262
Calculate the greatest common divisor of 537978 and 54.
6
What is the greatest common divisor of 66 and 45078?
66
Calculate the greatest common factor of 864 and 1104.
48
What is the greatest common divisor of 2230275 and 45?
15
What is the highest common divisor of 208730 and 10?
10
Calculate the highest common factor of 1162 and 1057.
7
What is the greatest common divisor of 36 and 144702?
18
What is the greatest common factor of 79117 and 244?
61
Calculate the greatest common divisor of 5547 and 200.
1
What is the greatest common divisor of 1316 and 45684?
188
Calculate the highest common factor of 416415 and 213.
213
What is the greatest common factor of 28198 and 1288?
46
Calculate the highest common divisor of 531 and 279.
9
What is the greatest common factor of 1463 and 2717?
209
What is the greatest common divisor of 315518 and 434?
434
What is the greatest common factor of 344421 and 198?
99
What is the greatest common divisor of 184159 and 793?
61
Calculate the highest common factor of 1246 and 83660.
178
What is the highest common factor of 2603646 and 2?
2
What is the greatest common factor of 41596 and 36?
4
Calculate the greatest common divisor of 1018092 and 444.
444
Calculate the greatest common factor of 16460 and 1740.
20
Calculate the highest common factor of 190152 and 156.
12
Calculate the greatest common divisor of 40 and 117220.
20
Calculate the greatest common factor of 7161 and 8277.
93
Calculate the greatest common factor of 2289 and 1427573.
763
Calculate the highest common divisor of 16475 and 5931.
659
What is the highest common divisor of 7525 and 118720?
35
Calculate the highest common factor of 192 and 203136.
192
Calculate the highest common divisor of 2656 and 19120.
16
Calculate the greatest common factor of 80 and 27472.
16
Calculate the greatest common factor of 132 and 68892.
12
What is the greatest common factor of 120078 and 126?
126
Calculate the greatest common divisor of 860 and 62.
2
What is the greatest common divisor of 5069516 and 472?
236
Calculate the greatest common factor of 24819 and 12.
3
What is the greatest common divisor of 925 and 6993?
37
Calculate the greatest common divisor of 1285 and 555.
5
What is the greatest common factor of 181 and 146791?
181
Calculate the highest common factor of 1736 and 15526.
14
What is the greatest common factor of 613224 and 459?
459
Calculate the highest common divisor of 60 and 870180.
60
What is the highest common divisor of 7617541 and 521?
521
What is the greatest common divisor of 113 and 5213933?
113
What is the greatest common divisor of 170 and 1630?
10
Calculate the highest common divisor of 270088 and 208.
104
Calculate the highest common factor of 7464180 and 3720.
1860
Calculate the greatest common divisor of 1303275 and 225.
75
What is the greatest common divisor of 423 and 1174671?
423
Calculate the greatest common divisor of 2597 and 53053.
371
Calculate the highest common divisor of 61870 and 20.
10
Calculate the greatest common factor of 1911866 and 9306.
1034
What is the highest common factor of 183 and 797?
1
Calculate the greatest common factor of 310 and 85430.
10
What is the greatest common factor of 48 and 67176?
24
Calculate the greatest common divisor of 6627 and 6.
3
Calculate the greatest common factor of 8855 and 5152.
161
Calculate the greatest common divisor of 3797200 and 110.
110
Calculate the highest common divisor of 18 and 392364.
18
Calculate the greatest common factor of 707 and 2870.
7
What is the greatest common divisor of 564 and 100204?
188
Calculate the highest common divisor of 9824 and 8289.
307
What is the highest common factor of 5972869 and 58?
29
What is the highest common factor of 3568 and 80?
16
What is the highest common divisor of 1185 and 1040?
5
Calculate the greatest common factor of 34510 and 5278.
406
What is the greatest common factor of 143525 and 25?
25
What is the highest common factor of 8 and 96056?
8
Calculate the greatest common factor of 642952 and 8.
8
Calculate the greatest common factor of 3021 and 28956.
57
What is the greatest common factor of 16837 and 1921?
113
What is the highest common divisor of 612 and 9378?
18
Calculate the greatest common divisor of 594 and 1914.
66
What is the highest common factor of 49 and 219569?
49
What is the highest common factor of 28629 and 9?
9
What is the highest common factor of 536 and 10928?
8
Calculate the highest common 